{"id":6051,"date":"2024-03-08T11:46:30","date_gmt":"2024-03-08T10:46:30","guid":{"rendered":"https:\/\/fahrschuleammain.de\/?page_id=6051"},"modified":"2025-03-09T18:18:46","modified_gmt":"2025-03-09T17:18:46","slug":"simulator","status":"publish","type":"page","link":"https:\/\/erlebnis-fahrschule.com\/index.php\/simulator\/","title":{"rendered":"Simulator"},"content":{"rendered":"[vc_row type=&#8220;full_width_background&#8220; full_screen_row_position=&#8220;middle&#8220; column_margin=&#8220;default&#8220; column_direction=&#8220;default&#8220; column_direction_tablet=&#8220;default&#8220; column_direction_phone=&#8220;default&#8220; bg_image=&#8220;6313&#8243; bg_position=&#8220;center center&#8220; background_image_loading=&#8220;default&#8220; bg_repeat=&#8220;no-repeat&#8220; scene_position=&#8220;center&#8220; top_padding=&#8220;15%&#8220; bottom_padding=&#8220;13%&#8220; text_color=&#8220;dark&#8220; text_align=&#8220;left&#8220; row_border_radius=&#8220;none&#8220; row_border_radius_applies=&#8220;bg&#8220; overflow=&#8220;visible&#8220; overlay_strength=&#8220;0.5&#8243; gradient_direction=&#8220;left_to_right&#8220; shape_divider_position=&#8220;bottom&#8220; bg_image_animation=&#8220;none&#8220; gradient_type=&#8220;default&#8220; shape_type=&#8220;&#8220;][vc_column column_padding=&#8220;no-extra-padding&#8220; column_padding_tablet=&#8220;inherit&#8220; column_padding_phone=&#8220;inherit&#8220; column_padding_position=&#8220;all&#8220; column_element_direction_desktop=&#8220;default&#8220; column_element_spacing=&#8220;default&#8220; desktop_text_alignment=&#8220;default&#8220; tablet_text_alignment=&#8220;default&#8220; phone_text_alignment=&#8220;default&#8220; background_color_opacity=&#8220;1&#8243; background_hover_color_opacity=&#8220;1&#8243; column_backdrop_filter=&#8220;none&#8220; column_shadow=&#8220;none&#8220; column_border_radius=&#8220;none&#8220; column_link_target=&#8220;_self&#8220; column_position=&#8220;default&#8220; gradient_direction=&#8220;left_to_right&#8220; overlay_strength=&#8220;0.3&#8243; width=&#8220;1\/1&#8243; tablet_width_inherit=&#8220;default&#8220; animation_type=&#8220;default&#8220; bg_image_animation=&#8220;none&#8220; border_type=&#8220;simple&#8220; column_border_width=&#8220;none&#8220; column_border_style=&#8220;solid&#8220;][split_line_heading animation_type=&#8220;line-reveal-by-space&#8220; font_style=&#8220;h1&#8243; text_color=&#8220;#ffffff&#8220; line_reveal_by_space_text_effect=&#8220;default&#8220; content_alignment=&#8220;default&#8220; mobile_content_alignment=&#8220;inherit&#8220; link_target=&#8220;_self&#8220; text_content=&#8220;Simulator&#8220; text_direction=&#8220;default&#8220;][\/split_line_heading][\/vc_column][\/vc_row][vc_row type=&#8220;in_container&#8220; full_screen_row_position=&#8220;middle&#8220; column_margin=&#8220;default&#8220; column_direction=&#8220;default&#8220; column_direction_tablet=&#8220;default&#8220; column_direction_phone=&#8220;default&#8220; scene_position=&#8220;center&#8220; text_color=&#8220;dark&#8220; text_align=&#8220;left&#8220; row_border_radius=&#8220;none&#8220; row_border_radius_applies=&#8220;bg&#8220; overflow=&#8220;visible&#8220; overlay_strength=&#8220;0.3&#8243; gradient_direction=&#8220;left_to_right&#8220; shape_divider_position=&#8220;bottom&#8220; bg_image_animation=&#8220;none&#8220;][vc_column column_padding=&#8220;no-extra-padding&#8220; column_padding_tablet=&#8220;inherit&#8220; column_padding_phone=&#8220;inherit&#8220; column_padding_position=&#8220;all&#8220; top_margin=&#8220;50px&#8220; column_element_direction_desktop=&#8220;default&#8220; column_element_spacing=&#8220;default&#8220; desktop_text_alignment=&#8220;default&#8220; tablet_text_alignment=&#8220;default&#8220; phone_text_alignment=&#8220;default&#8220; background_color_opacity=&#8220;1&#8243; background_hover_color_opacity=&#8220;1&#8243; column_backdrop_filter=&#8220;none&#8220; column_shadow=&#8220;none&#8220; column_border_radius=&#8220;none&#8220; column_link_target=&#8220;_self&#8220; column_position=&#8220;default&#8220; gradient_direction=&#8220;left_to_right&#8220; overlay_strength=&#8220;0.3&#8243; width=&#8220;1\/1&#8243; tablet_width_inherit=&#8220;default&#8220; animation_type=&#8220;default&#8220; bg_image_animation=&#8220;none&#8220; border_type=&#8220;simple&#8220; column_border_width=&#8220;none&#8220; column_border_style=&#8220;solid&#8220; column_padding_type=&#8220;default&#8220; gradient_type=&#8220;default&#8220;][vc_column_text text_direction=&#8220;default&#8220;]\n<h2>Simulator<\/h2>\n<p class=\"p1\">Zu meinen Hobbys neben dem Autofahren z\u00e4hlt auch Simracing. Ich habe damit <span class=\"s1\">20<\/span>06 angefangen, da reales Rennfahren zu kostspielig war. Durch dieses Hobby wei\u00df <span class=\"s2\">ich, <\/span>worauf es bei einem Simulator ankommt, welche Komponenten gut f\u00fcr Realismus geeignet sind und wie man diese richtig einstellt, damit ein <span class=\"s2\">realit\u00e4tsnahes Fahrgef\u00fchl <\/span>gepaart mit einer realistischen Bedienung zustande kommt.<\/p>\n<p class=\"p1\">Hier wirst du spielerisch und ohne Risiko <span class=\"s2\">und Angst <\/span>unter meiner Anleitung die ersten Bewegungsabl\u00e4ufe f\u00fcr das Fahren erlernen k\u00f6nnen.<\/p>\n<p class=\"p2\">Ich greife bewusst nicht auf Fahrschulsimulationen von <span class=\"s2\">Verl\u00e4gen <\/span>als Software f\u00fcr meine Simulatorausbildung zur\u00fcck. Am Anfang der Ausbildung steht das <span class=\"s2\">Kennenlernen <\/span>der ersten <span class=\"s2\">Bedienungsabl\u00e4ufe<\/span>. Daf\u00fcr <span class=\"s2\">nutze <\/span>ich am <span class=\"s2\">Anfang eine realistische Fahrsimulation, <\/span>welche einem das Gef\u00fchl f\u00fcr ein Fahrzeug detailgetreu wiedergeben soll. Diese Simulation <span class=\"s2\">zielt <\/span>von Anfang an bewusst auf die exakte Bedienung des Fahrzeugs und <span class=\"s2\">auf das Erlernen erster <\/span>Fahrtechniken ab, <span class=\"s2\">statt zu fr\u00fch <\/span>auf komplexe Verkehrssituationen.<br \/>\nWenn du die ersten grundlegenden Abl\u00e4ufe verinnerlicht hast, wechsele ich die Simulation auf eine <span class=\"s2\">zweite Stufe<\/span>, welche das Fahren in der Stadt, auf Landstra\u00dfen und Autobahnen <span class=\"s2\">simulieren <\/span>soll.<span class=\"Apple-converted-space\">\u00a0 <\/span>Diese Simulation eignet sich gut um dich langsam und gefahrlos an die Regeln und den Verkehr heranzuf\u00fchren. Hier werden auch die ersten komplexen Verkehrssituationen <span class=\"s2\">auf dich warten, bei denen du agieren und reagieren musst.<\/span><\/p>\n<p class=\"p2\">Da bei mir der Spa\u00df und das <span class=\"s2\">spielerische <\/span>Erlernen in der Ausbildung <span class=\"s2\">an\u00a0oberster <\/span>Stelle <span class=\"s2\">steht, <\/span>gibt es am Ende der Simulatorstunden auch eine &#8222;Time <span class=\"s2\">Challenge&#8220;, <\/span>die unter den <span class=\"s2\">Sch\u00fclern und Sch\u00fclerinnen<\/span> ausgefahren wird. <span class=\"s2\">Am Ende jedes Jahres<\/span> <span class=\"s2\">kannst du hier durch deine Fahrk\u00fcnste <\/span>kleine Preise gewinnen.<\/p>\n[\/vc_column_text][\/vc_column][\/vc_row]\n","protected":false},"excerpt":{"rendered":"<p>[vc_row type=&#8220;full_width_background&#8220; full_screen_row_position=&#8220;middle&#8220; column_margin=&#8220;default&#8220; column_direction=&#8220;default&#8220; column_direction_tablet=&#8220;default&#8220; column_direction_phone=&#8220;default&#8220; bg_image=&#8220;6313&#8243; bg_position=&#8220;center center&#8220; background_image_loading=&#8220;default&#8220; bg_repeat=&#8220;no-repeat&#8220; scene_position=&#8220;center&#8220; top_padding=&#8220;15%&#8220; bottom_padding=&#8220;13%&#8220; text_color=&#8220;dark&#8220; text_align=&#8220;left&#8220; row_border_radius=&#8220;none&#8220; row_border_radius_applies=&#8220;bg&#8220; overflow=&#8220;visible&#8220; overlay_strength=&#8220;0.5&#8243; gradient_direction=&#8220;left_to_right&#8220; shape_divider_position=&#8220;bottom&#8220; bg_image_animation=&#8220;none&#8220; gradient_type=&#8220;default&#8220; shape_type=&#8220;&#8220;][vc_column column_padding=&#8220;no-extra-padding&#8220; column_padding_tablet=&#8220;inherit&#8220; column_padding_phone=&#8220;inherit&#8220; column_padding_position=&#8220;all&#8220;&#8230;<\/p>\n","protected":false},"author":1,"featured_media":0,"parent":0,"menu_order":0,"comment_status":"closed","ping_status":"closed","template":"","meta":{"footnotes":""},"class_list":["post-6051","page","type-page","status-publish"],"_links":{"self":[{"href":"https:\/\/erlebnis-fahrschule.com\/index.php\/wp-json\/wp\/v2\/pages\/6051","targetHints":{"allow":["GET"]}}],"collection":[{"href":"https:\/\/erlebnis-fahrschule.com\/index.php\/wp-json\/wp\/v2\/pages"}],"about":[{"href":"https:\/\/erlebnis-fahrschule.com\/index.php\/wp-json\/wp\/v2\/types\/page"}],"author":[{"embeddable":true,"href":"https:\/\/erlebnis-fahrschule.com\/index.php\/wp-json\/wp\/v2\/users\/1"}],"replies":[{"embeddable":true,"href":"https:\/\/erlebnis-fahrschule.com\/index.php\/wp-json\/wp\/v2\/comments?post=6051"}],"version-history":[{"count":9,"href":"https:\/\/erlebnis-fahrschule.com\/index.php\/wp-json\/wp\/v2\/pages\/6051\/revisions"}],"predecessor-version":[{"id":6338,"href":"https:\/\/erlebnis-fahrschule.com\/index.php\/wp-json\/wp\/v2\/pages\/6051\/revisions\/6338"}],"wp:attachment":[{"href":"https:\/\/erlebnis-fahrschule.com\/index.php\/wp-json\/wp\/v2\/media?parent=6051"}],"curies":[{"name":"wp","href":"https:\/\/api.w.org\/{rel}","templated":true}]}}